{"id":1111,"date":"2022-03-30T14:11:57","date_gmt":"2022-03-30T12:11:57","guid":{"rendered":"https:\/\/www.bolzanodanza.it\/team-del-festival"},"modified":"2025-05-13T22:54:54","modified_gmt":"2025-05-13T20:54:54","slug":"the-festival-team","status":"publish","type":"page","link":"https:\/\/www.bolzanodanza.it\/en\/programma\/the-festival-team","title":{"rendered":"The Festival Team"},"content":{"rendered":"<p>A seasoned cultural manager with years of work in France and Italy,\u00a0<strong>Anouk Aspisi<\/strong>\u00a0(Montpellier, 1968) read Political Sciences at the University of Montpellier and then went on to obtain a Master\u2019s degree in Communication and Media from the Audiencia Business School in Nantes. Her twenty-five years of work featured collaborations with prestigious public administrations and private entities. Aspisi has created numerous projects, focusing on conversations with the public and audience development. She has collaborated with the Romaeuropa Festival advising them on international relations (2000-2004), with the Fran\u00e7ois Pinault Foundation in Venice (2008-2010), with the Institut fran\u00e7ais Italia as cultural attach\u00e9 (2012-2017) \u2013 where she created the multidisciplinary\u00a0<em>La Francia in Scena<\/em>\u00a0\u2013, as the General Secretary of the Fondazione Nuovi Mecenati (2013-2018), as the Head of Communication at the Accademia di Santa Cecilia (2017-2018) and as the General Secretary of the Maison de la Danse in Lyon (2018-2022). She was also a consultant for artistic creation between 2022 and 2024 to French Minister of Culture, Rima Abdul Malak, on matters such as live performances, festivals, music, and the visual arts.<\/p>\n<p>After his exceptional international career as a dancer,\u00a0<strong>Olivier Dubois<\/strong>\u00a0(Colmar, 1972) has been giving space to his creative endeavours since 2006. His first work,<em>\u00a0Pour tout l\u2019or du monde<\/em>, won him the Prix Jardin d\u2019Europe in Vienna, which is a European Prize for Emerging Choreography. His\u00a0<em>oeuvre\u00a0<\/em>features\u00a0<em>Faune(s),\u00a0<\/em>made for the 2008 Avignon Festival,\u00a0<em>Spectre,\u00a0<\/em>made for the 2010 Les Ballets de Monte-Carlo, and\u00a0<em>L\u2019homme de l\u2019Atlantique<\/em>, a duet for the Biennale de la Danse in Lyon. In 2009, he started the\u00a0<em>\u00c9tude critique pour un trompe-l\u2019\u0153il\u00a0<\/em>trilogy with\u00a0<em>R\u00e9volution<\/em>, followed by the\u00a0<em>Rouge<\/em>\u00a0and\u00a0<em>Trag\u00e9die<\/em>\u00a0solos in 2011 and 2012 respectively. When Marseille was chosen as 2013 European Capital of Culture, he staged the\u00a0<em>\u00c9l\u00e9gie<\/em>\u00a0for the Ballet National de Marseille; he staged\u00a0<em>Come out\u00a0<\/em>for the Ballet de Lorraine in 2019. In 2013, he won the Italian critics\u2019 Danza&amp;Danza Prize, and in 2014 he was appointed Director of the Ballet du Nord-Centre Chor\u00e9graphique National de Roubaix by the French Ministry of Culture. He was also awarded the Prix Fedora Van Cleef &amp; Arpels and, in 2019, was nominated Chevalier des Arts et des Lettres. Dubois is no stranger at Bolzano Danza, having been invited as a guest to numerous editions. Indeed, he created choreographies for the festival such as\u00a0<em>Les M\u00e9moires d\u2019un seigneur<\/em>\u00a0(2015),\u00a0<em>Swan Blast<\/em>\u00a0(2019), and\u00a0<em>For Gods Only\/Sacre #3<\/em>\u00a0(2024).<\/p>\n","protected":false},"excerpt":{"rendered":"<p>A seasoned cultural manager with years of work in France and Italy,\u00a0Anouk Aspisi\u00a0(Montpellier, 1968) read Political Sciences at the University of Montpellier and then went on to obtain a Master\u2019s degree in Communication and Media from the Audiencia Business School in Nantes. Her twenty-five years of work featured collaborations with prestigious public administrations and private [&hellip;]<\/p>\n","protected":false},"author":2,"featured_media":0,"parent":1113,"menu_order":0,"comment_status":"closed","ping_status":"closed","template":"page-team-festival.php","meta":{"_acf_changed":false,"footnotes":""},"class_list":["post-1111","page","type-page","status-publish","hentry"],"acf":[],"yoast_head":"<!-- This site is optimized with the Yoast SEO plugin v26.8 - https:\/\/yoast.com\/product\/yoast-seo-wordpress\/ -->\n<title>The Festival Team - Bolzano Danza<\/title>\n<meta name=\"robots\" content=\"index, follow, max-snippet:-1, max-image-preview:large, max-video-preview:-1\" \/>\n<meta property=\"og:locale\" content=\"en_US\" \/>\n<meta property=\"og:type\" content=\"article\" \/>\n<meta property=\"og:title\" content=\"The Festival Team - Bolzano Danza\" \/>\n<meta property=\"og:description\" content=\"A seasoned cultural manager with years of work in France and Italy,\u00a0Anouk Aspisi\u00a0(Montpellier, 1968) read Political Sciences at the University of Montpellier and then went on to obtain a Master\u2019s degree in Communication and Media from the Audiencia Business School in Nantes. Her twenty-five years of work featured collaborations with prestigious public administrations and private [&hellip;]\" \/>\n<meta property=\"og:url\" content=\"https:\/\/www.bolzanodanza.it\/en\/programma\/the-festival-team\" \/>\n<meta property=\"og:site_name\" content=\"Bolzano Danza\" \/>\n<meta property=\"article:modified_time\" content=\"2025-05-13T20:54:54+00:00\" \/>\n<meta property=\"og:image\" content=\"https:\/\/www.bolzanodanza.it\/wp-content\/uploads\/2022\/05\/haydn-bolzano-danza-2022.jpg\" \/>\n\t<meta property=\"og:image:width\" content=\"2250\" \/>\n\t<meta property=\"og:image:height\" content=\"1260\" \/>\n\t<meta property=\"og:image:type\" content=\"image\/jpeg\" \/>\n<meta name=\"twitter:card\" content=\"summary_large_image\" \/>\n<meta name=\"twitter:label1\" content=\"Est. reading time\" \/>\n\t<meta name=\"twitter:data1\" content=\"2 minutes\" \/>\n<script type=\"application\/ld+json\" class=\"yoast-schema-graph\">{\"@context\":\"https:\/\/schema.org\",\"@graph\":[{\"@type\":\"WebPage\",\"@id\":\"https:\/\/www.bolzanodanza.it\/en\/programma\/the-festival-team\",\"url\":\"https:\/\/www.bolzanodanza.it\/en\/programma\/the-festival-team\",\"name\":\"The Festival Team - Bolzano Danza\",\"isPartOf\":{\"@id\":\"https:\/\/www.bolzanodanza.it\/en#website\"},\"datePublished\":\"2022-03-30T12:11:57+00:00\",\"dateModified\":\"2025-05-13T20:54:54+00:00\",\"breadcrumb\":{\"@id\":\"https:\/\/www.bolzanodanza.it\/en\/programma\/the-festival-team#breadcrumb\"},\"inLanguage\":\"en-US\",\"potentialAction\":[{\"@type\":\"ReadAction\",\"target\":[\"https:\/\/www.bolzanodanza.it\/en\/programma\/the-festival-team\"]}]},{\"@type\":\"BreadcrumbList\",\"@id\":\"https:\/\/www.bolzanodanza.it\/en\/programma\/the-festival-team#breadcrumb\",\"itemListElement\":[{\"@type\":\"ListItem\",\"position\":1,\"name\":\"Home\",\"item\":\"https:\/\/www.bolzanodanza.it\/en\"},{\"@type\":\"ListItem\",\"position\":2,\"name\":\"Program\",\"item\":\"https:\/\/www.bolzanodanza.it\/en\/programma\"},{\"@type\":\"ListItem\",\"position\":3,\"name\":\"The Festival Team\"}]},{\"@type\":\"WebSite\",\"@id\":\"https:\/\/www.bolzanodanza.it\/en#website\",\"url\":\"https:\/\/www.bolzanodanza.it\/en\",\"name\":\"Bolzano Danza\",\"description\":\"Haydn Foundation\",\"potentialAction\":[{\"@type\":\"SearchAction\",\"target\":{\"@type\":\"EntryPoint\",\"urlTemplate\":\"https:\/\/www.bolzanodanza.it\/en?s={search_term_string}\"},\"query-input\":{\"@type\":\"PropertyValueSpecification\",\"valueRequired\":true,\"valueName\":\"search_term_string\"}}],\"inLanguage\":\"en-US\"}]}<\/script>\n<!-- \/ Yoast SEO plugin. -->","yoast_head_json":{"title":"The Festival Team - Bolzano Danza","robots":{"index":"index","follow":"follow","max-snippet":"max-snippet:-1","max-image-preview":"max-image-preview:large","max-video-preview":"max-video-preview:-1"},"og_locale":"en_US","og_type":"article","og_title":"The Festival Team - Bolzano Danza","og_description":"A seasoned cultural manager with years of work in France and Italy,\u00a0Anouk Aspisi\u00a0(Montpellier, 1968) read Political Sciences at the University of Montpellier and then went on to obtain a Master\u2019s degree in Communication and Media from the Audiencia Business School in Nantes. Her twenty-five years of work featured collaborations with prestigious public administrations and private [&hellip;]","og_url":"https:\/\/www.bolzanodanza.it\/en\/programma\/the-festival-team","og_site_name":"Bolzano Danza","article_modified_time":"2025-05-13T20:54:54+00:00","og_image":[{"width":2250,"height":1260,"url":"https:\/\/www.bolzanodanza.it\/wp-content\/uploads\/2022\/05\/haydn-bolzano-danza-2022.jpg","type":"image\/jpeg"}],"twitter_card":"summary_large_image","twitter_misc":{"Est. reading time":"2 minutes"},"schema":{"@context":"https:\/\/schema.org","@graph":[{"@type":"WebPage","@id":"https:\/\/www.bolzanodanza.it\/en\/programma\/the-festival-team","url":"https:\/\/www.bolzanodanza.it\/en\/programma\/the-festival-team","name":"The Festival Team - Bolzano Danza","isPartOf":{"@id":"https:\/\/www.bolzanodanza.it\/en#website"},"datePublished":"2022-03-30T12:11:57+00:00","dateModified":"2025-05-13T20:54:54+00:00","breadcrumb":{"@id":"https:\/\/www.bolzanodanza.it\/en\/programma\/the-festival-team#breadcrumb"},"inLanguage":"en-US","potentialAction":[{"@type":"ReadAction","target":["https:\/\/www.bolzanodanza.it\/en\/programma\/the-festival-team"]}]},{"@type":"BreadcrumbList","@id":"https:\/\/www.bolzanodanza.it\/en\/programma\/the-festival-team#breadcrumb","itemListElement":[{"@type":"ListItem","position":1,"name":"Home","item":"https:\/\/www.bolzanodanza.it\/en"},{"@type":"ListItem","position":2,"name":"Program","item":"https:\/\/www.bolzanodanza.it\/en\/programma"},{"@type":"ListItem","position":3,"name":"The Festival Team"}]},{"@type":"WebSite","@id":"https:\/\/www.bolzanodanza.it\/en#website","url":"https:\/\/www.bolzanodanza.it\/en","name":"Bolzano Danza","description":"Haydn Foundation","potentialAction":[{"@type":"SearchAction","target":{"@type":"EntryPoint","urlTemplate":"https:\/\/www.bolzanodanza.it\/en?s={search_term_string}"},"query-input":{"@type":"PropertyValueSpecification","valueRequired":true,"valueName":"search_term_string"}}],"inLanguage":"en-US"}]}},"_links":{"self":[{"href":"https:\/\/www.bolzanodanza.it\/en\/wp-json\/wp\/v2\/pages\/1111","targetHints":{"allow":["GET"]}}],"collection":[{"href":"https:\/\/www.bolzanodanza.it\/en\/wp-json\/wp\/v2\/pages"}],"about":[{"href":"https:\/\/www.bolzanodanza.it\/en\/wp-json\/wp\/v2\/types\/page"}],"author":[{"embeddable":true,"href":"https:\/\/www.bolzanodanza.it\/en\/wp-json\/wp\/v2\/users\/2"}],"replies":[{"embeddable":true,"href":"https:\/\/www.bolzanodanza.it\/en\/wp-json\/wp\/v2\/comments?post=1111"}],"version-history":[{"count":0,"href":"https:\/\/www.bolzanodanza.it\/en\/wp-json\/wp\/v2\/pages\/1111\/revisions"}],"up":[{"embeddable":true,"href":"https:\/\/www.bolzanodanza.it\/en\/wp-json\/wp\/v2\/pages\/1113"}],"wp:attachment":[{"href":"https:\/\/www.bolzanodanza.it\/en\/wp-json\/wp\/v2\/media?parent=1111"}],"curies":[{"name":"wp","href":"https:\/\/api.w.org\/{rel}","templated":true}]}}

<p>A seasoned cultural manager with years of work in France and Italy, <strong>Anouk Aspisi</strong> (Montpellier, 1968) read Political Sciences at the University of Montpellier and then went on to obtain a Master’s degree in Communication and Media from the Audiencia Business School in Nantes. Her twenty-five years of work featured collaborations with prestigious public administrations and private entities. Aspisi has created numerous projects, focusing on conversations with the public and audience development. She has collaborated with the Romaeuropa Festival advising them on international relations (2000-2004), with the François Pinault Foundation in Venice (2008-2010), with the Institut français Italia as cultural attaché (2012-2017) – where she created the multidisciplinary <em>La Francia in Scena</em> –, as the General Secretary of the Fondazione Nuovi Mecenati (2013-2018), as the Head of Communication at the Accademia di Santa Cecilia (2017-2018) and as the General Secretary of the Maison de la Danse in Lyon (2018-2022). She was also a consultant for artistic creation between 2022 and 2024 to French Minister of Culture, Rima Abdul Malak, on matters such as live performances, festivals, music, and the visual arts.</p>
<p>After his exceptional international career as a dancer, <strong>Olivier Dubois</strong> (Colmar, 1972) has been giving space to his creative endeavours since 2006. His first work,<em> Pour tout l’or du monde</em>, won him the Prix Jardin d’Europe in Vienna, which is a European Prize for Emerging Choreography. His <em>oeuvre </em>features <em>Faune(s), </em>made for the 2008 Avignon Festival, <em>Spectre, </em>made for the 2010 Les Ballets de Monte-Carlo, and <em>L’homme de l’Atlantique</em>, a duet for the Biennale de la Danse in Lyon. In 2009, he started the <em>Étude critique pour un trompe-l’œil </em>trilogy with <em>Révolution</em>, followed by the <em>Rouge</em> and <em>Tragédie</em> solos in 2011 and 2012 respectively. When Marseille was chosen as 2013 European Capital of Culture, he staged the <em>Élégie</em> for the Ballet National de Marseille; he staged <em>Come out </em>for the Ballet de Lorraine in 2019. In 2013, he won the Italian critics’ Danza&amp;Danza Prize, and in 2014 he was appointed Director of the Ballet du Nord-Centre Chorégraphique National de Roubaix by the French Ministry of Culture. He was also awarded the Prix Fedora Van Cleef &amp; Arpels and, in 2019, was nominated Chevalier des Arts et des Lettres. Dubois is no stranger at Bolzano Danza, having been invited as a guest to numerous editions. Indeed, he created choreographies for the festival such as <em>Les Mémoires d’un seigneur</em> (2015), <em>Swan Blast</em> (2019), and <em>For Gods Only/Sacre #3</em> (2024).</p>
