{"id":1110,"date":"2022-03-30T14:11:57","date_gmt":"2022-03-30T12:11:57","guid":{"rendered":"https:\/\/www.bolzanodanza.it\/team-del-festival"},"modified":"2025-05-13T22:59:07","modified_gmt":"2025-05-13T20:59:07","slug":"das-festivalteam","status":"publish","type":"page","link":"https:\/\/www.bolzanodanza.it\/de\/programma\/das-festivalteam","title":{"rendered":"Das Festivalteam"},"content":{"rendered":"<p><strong>Anouk Aspisi<\/strong>\u00a0(Montpellier, 1968) ist eine Kulturmanagerin mit langj\u00e4hriger Erfahrung in Frankreich und Italien \u2013 aber nicht nur. Sie hat einen Bachelor in Politikwissenschaften von der Universit\u00e4t Montpellier und einen Master in Kommunikation und Medien von der Audiencia Business School in Nantes. In ihrer f\u00fcnfundzwanzigj\u00e4hrigen Laufbahn arbeitete sie abwechselnd f\u00fcr bekannte Arbeitgeber des \u00f6ffentlichen und privaten Sektors. Das sogenannte Audience Development liegt ihr besonders am Herzen; aus diesem Grund sucht sie bei der Gestaltung ihrer k\u00fcnstlerischen Projekte vor allem den Dialog mit dem Publikum. Sie arbeitete beim Romaeuropa Festival f\u00fcr internationale Beziehungen (2000\u20132004), bei der Fran\u00e7ois-Pinault-Stiftung in Venedig (2008\u20132010) und am Institut fran\u00e7ais Italia als Kulturreferentin (2012\u20132017). Hier konzipierte sie die multidisziplin\u00e4re Spielzeit\u00a0<em>La Francia in Scena<\/em>. Au\u00dferdem arbeitete sie als Generalsekret\u00e4rin bei der Stiftung Nuovi Mecenati (2013\u20132018) und beim Maison de la Danse in Lyon (2018\u20132022). Bei der Accademia di Santa Cecilia in Rom gab sie 2017 bis 2018 ein kurzes Intermezzo. Schlie\u00dflich war sie von 2022 bis 2024 Beraterin der franz\u00f6sischen Kulturministerin Rima Abdul Malak und dort zust\u00e4ndig f\u00fcr Live-Performances, Festivals, Musik und bildende Kunst.<\/p>\n<p>Nach einer au\u00dfergew\u00f6hnlichen internationalen Karriere als T\u00e4nzer widmet sich\u00a0<strong>Olivier Dubois<\/strong>\u00a0(Colmar, 1972) seit 2006 der Choreografie. Mit seinem Erstlingswerk\u00a0<em>Pour tout l\u2019or du monde<\/em>\u00a0gewann er den Prix Jardin d\u2019Europe, einen europ\u00e4ischen Preis f\u00fcr junge Choreograf:innen in Wien. Gro\u00dfe Erfolge feierten auch seine Choreografien\u00a0<em>Faune(s)\u00a0<\/em>f\u00fcr das Festival von Avignon (2008),\u00a0<em>Spectre<\/em>\u00a0f\u00fcr Les Ballets de Monte-Carlo (2010) und\u00a0<em>L\u2019homme de l\u2019Atlantique<\/em>, ein Pas de deux f\u00fcr die Biennale de la Danse in Lyon. Die Arbeiten an seiner Trilogie\u00a0<em>\u00c9tude critique pour un trompe-l\u2019\u0153il<\/em>\u00a0begann er 2009 mit dem St\u00fcck\u00a0<em>R\u00e9volution<\/em>, gefolgt von dem Solo<em>\u00a0Rouge<\/em>\u00a0(2011) und\u00a0<em>Trag\u00e9die<\/em>\u00a0(2012). F\u00fcr die Europ\u00e4ische Kulturhauptstadt Marseille inszenierte er 2013\u00a0<em>\u00c9l\u00e9gie<\/em>\u00a0f\u00fcr das Ballet National de Marseille und 2019\u00a0<em>Come out\u00a0<\/em>f\u00fcr das Ballet de Lorraine. 2013 gewann er den italienischen Kritikerpreis Danza&amp;Danza; 2014 wurde er vom franz\u00f6sischen Kulturministerium zum Direktor des Ballet du Nord-Centre Chor\u00e9graphique National de Roubaix ernannt. Ausgezeichnet wurde er au\u00dferdem mit dem Prix Fedora Van Cleef &amp; Arpels. 2019 wurde ihm der Titel Chevalier des Arts et des Lettres verliehen. Dubois war mehrfach Gast bei Bolzano Danza, f\u00fcr das er eigens Choreografien schuf wie etwa\u00a0<em>Les M\u00e9moires d\u2019un seigneur<\/em>\u00a0(2015),\u00a0<em>Swan Blast<\/em>\u00a0(2019),\u00a0<em>For Gods Only\/Sacre #3<\/em>\u00a0(2024).<\/p>\n","protected":false},"excerpt":{"rendered":"<p>Anouk Aspisi\u00a0(Montpellier, 1968) ist eine Kulturmanagerin mit langj\u00e4hriger Erfahrung in Frankreich und Italien \u2013 aber nicht nur. Sie hat einen Bachelor in Politikwissenschaften von der Universit\u00e4t Montpellier und einen Master in Kommunikation und Medien von der Audiencia Business School in Nantes. In ihrer f\u00fcnfundzwanzigj\u00e4hrigen Laufbahn arbeitete sie abwechselnd f\u00fcr bekannte Arbeitgeber des \u00f6ffentlichen und privaten [&hellip;]<\/p>\n","protected":false},"author":2,"featured_media":0,"parent":1112,"menu_order":0,"comment_status":"closed","ping_status":"closed","template":"page-team-festival.php","meta":{"_acf_changed":false,"footnotes":""},"class_list":["post-1110","page","type-page","status-publish","hentry"],"acf":[],"yoast_head":"<!-- This site is optimized with the Yoast SEO plugin v26.8 - https:\/\/yoast.com\/product\/yoast-seo-wordpress\/ -->\n<title>Das Festivalteam - Tanz Bozen<\/title>\n<meta name=\"robots\" content=\"index, follow, max-snippet:-1, max-image-preview:large, max-video-preview:-1\" \/>\n<meta property=\"og:locale\" content=\"de_DE\" \/>\n<meta property=\"og:type\" content=\"article\" \/>\n<meta property=\"og:title\" content=\"Das Festivalteam - Tanz Bozen\" \/>\n<meta property=\"og:description\" content=\"Anouk Aspisi\u00a0(Montpellier, 1968) ist eine Kulturmanagerin mit langj\u00e4hriger Erfahrung in Frankreich und Italien \u2013 aber nicht nur. Sie hat einen Bachelor in Politikwissenschaften von der Universit\u00e4t Montpellier und einen Master in Kommunikation und Medien von der Audiencia Business School in Nantes. In ihrer f\u00fcnfundzwanzigj\u00e4hrigen Laufbahn arbeitete sie abwechselnd f\u00fcr bekannte Arbeitgeber des \u00f6ffentlichen und privaten [&hellip;]\" \/>\n<meta property=\"og:url\" content=\"https:\/\/www.bolzanodanza.it\/de\/programma\/das-festivalteam\" \/>\n<meta property=\"og:site_name\" content=\"Tanz Bozen\" \/>\n<meta property=\"article:modified_time\" content=\"2025-05-13T20:59:07+00:00\" \/>\n<meta property=\"og:image\" content=\"https:\/\/www.bolzanodanza.it\/wp-content\/uploads\/2022\/05\/haydn-bolzano-danza-2022.jpg\" \/>\n\t<meta property=\"og:image:width\" content=\"2250\" \/>\n\t<meta property=\"og:image:height\" content=\"1260\" \/>\n\t<meta property=\"og:image:type\" content=\"image\/jpeg\" \/>\n<meta name=\"twitter:card\" content=\"summary_large_image\" \/>\n<meta name=\"twitter:label1\" content=\"Gesch\u00e4tzte Lesezeit\" \/>\n\t<meta name=\"twitter:data1\" content=\"2 Minuten\" \/>\n<script type=\"application\/ld+json\" class=\"yoast-schema-graph\">{\"@context\":\"https:\/\/schema.org\",\"@graph\":[{\"@type\":\"WebPage\",\"@id\":\"https:\/\/www.bolzanodanza.it\/de\/programma\/das-festivalteam\",\"url\":\"https:\/\/www.bolzanodanza.it\/de\/programma\/das-festivalteam\",\"name\":\"Das Festivalteam - Tanz Bozen\",\"isPartOf\":{\"@id\":\"https:\/\/www.bolzanodanza.it\/de\/#website\"},\"datePublished\":\"2022-03-30T12:11:57+00:00\",\"dateModified\":\"2025-05-13T20:59:07+00:00\",\"breadcrumb\":{\"@id\":\"https:\/\/www.bolzanodanza.it\/de\/programma\/das-festivalteam#breadcrumb\"},\"inLanguage\":\"de-DE\",\"potentialAction\":[{\"@type\":\"ReadAction\",\"target\":[\"https:\/\/www.bolzanodanza.it\/de\/programma\/das-festivalteam\"]}]},{\"@type\":\"BreadcrumbList\",\"@id\":\"https:\/\/www.bolzanodanza.it\/de\/programma\/das-festivalteam#breadcrumb\",\"itemListElement\":[{\"@type\":\"ListItem\",\"position\":1,\"name\":\"Home\",\"item\":\"https:\/\/www.bolzanodanza.it\/de\"},{\"@type\":\"ListItem\",\"position\":2,\"name\":\"Programm\",\"item\":\"https:\/\/www.bolzanodanza.it\/de\/programma\"},{\"@type\":\"ListItem\",\"position\":3,\"name\":\"Das Festivalteam\"}]},{\"@type\":\"WebSite\",\"@id\":\"https:\/\/www.bolzanodanza.it\/de\/#website\",\"url\":\"https:\/\/www.bolzanodanza.it\/de\/\",\"name\":\"Tanz Bozen\",\"description\":\"Stiftung Haydn \",\"potentialAction\":[{\"@type\":\"SearchAction\",\"target\":{\"@type\":\"EntryPoint\",\"urlTemplate\":\"https:\/\/www.bolzanodanza.it\/de\/?s={search_term_string}\"},\"query-input\":{\"@type\":\"PropertyValueSpecification\",\"valueRequired\":true,\"valueName\":\"search_term_string\"}}],\"inLanguage\":\"de-DE\"}]}<\/script>\n<!-- \/ Yoast SEO plugin. -->","yoast_head_json":{"title":"Das Festivalteam - Tanz Bozen","robots":{"index":"index","follow":"follow","max-snippet":"max-snippet:-1","max-image-preview":"max-image-preview:large","max-video-preview":"max-video-preview:-1"},"og_locale":"de_DE","og_type":"article","og_title":"Das Festivalteam - Tanz Bozen","og_description":"Anouk Aspisi\u00a0(Montpellier, 1968) ist eine Kulturmanagerin mit langj\u00e4hriger Erfahrung in Frankreich und Italien \u2013 aber nicht nur. Sie hat einen Bachelor in Politikwissenschaften von der Universit\u00e4t Montpellier und einen Master in Kommunikation und Medien von der Audiencia Business School in Nantes. In ihrer f\u00fcnfundzwanzigj\u00e4hrigen Laufbahn arbeitete sie abwechselnd f\u00fcr bekannte Arbeitgeber des \u00f6ffentlichen und privaten [&hellip;]","og_url":"https:\/\/www.bolzanodanza.it\/de\/programma\/das-festivalteam","og_site_name":"Tanz Bozen","article_modified_time":"2025-05-13T20:59:07+00:00","og_image":[{"width":2250,"height":1260,"url":"https:\/\/www.bolzanodanza.it\/wp-content\/uploads\/2022\/05\/haydn-bolzano-danza-2022.jpg","type":"image\/jpeg"}],"twitter_card":"summary_large_image","twitter_misc":{"Gesch\u00e4tzte Lesezeit":"2 Minuten"},"schema":{"@context":"https:\/\/schema.org","@graph":[{"@type":"WebPage","@id":"https:\/\/www.bolzanodanza.it\/de\/programma\/das-festivalteam","url":"https:\/\/www.bolzanodanza.it\/de\/programma\/das-festivalteam","name":"Das Festivalteam - Tanz Bozen","isPartOf":{"@id":"https:\/\/www.bolzanodanza.it\/de\/#website"},"datePublished":"2022-03-30T12:11:57+00:00","dateModified":"2025-05-13T20:59:07+00:00","breadcrumb":{"@id":"https:\/\/www.bolzanodanza.it\/de\/programma\/das-festivalteam#breadcrumb"},"inLanguage":"de-DE","potentialAction":[{"@type":"ReadAction","target":["https:\/\/www.bolzanodanza.it\/de\/programma\/das-festivalteam"]}]},{"@type":"BreadcrumbList","@id":"https:\/\/www.bolzanodanza.it\/de\/programma\/das-festivalteam#breadcrumb","itemListElement":[{"@type":"ListItem","position":1,"name":"Home","item":"https:\/\/www.bolzanodanza.it\/de"},{"@type":"ListItem","position":2,"name":"Programm","item":"https:\/\/www.bolzanodanza.it\/de\/programma"},{"@type":"ListItem","position":3,"name":"Das Festivalteam"}]},{"@type":"WebSite","@id":"https:\/\/www.bolzanodanza.it\/de\/#website","url":"https:\/\/www.bolzanodanza.it\/de\/","name":"Tanz Bozen","description":"Stiftung Haydn ","potentialAction":[{"@type":"SearchAction","target":{"@type":"EntryPoint","urlTemplate":"https:\/\/www.bolzanodanza.it\/de\/?s={search_term_string}"},"query-input":{"@type":"PropertyValueSpecification","valueRequired":true,"valueName":"search_term_string"}}],"inLanguage":"de-DE"}]}},"_links":{"self":[{"href":"https:\/\/www.bolzanodanza.it\/de\/wp-json\/wp\/v2\/pages\/1110","targetHints":{"allow":["GET"]}}],"collection":[{"href":"https:\/\/www.bolzanodanza.it\/de\/wp-json\/wp\/v2\/pages"}],"about":[{"href":"https:\/\/www.bolzanodanza.it\/de\/wp-json\/wp\/v2\/types\/page"}],"author":[{"embeddable":true,"href":"https:\/\/www.bolzanodanza.it\/de\/wp-json\/wp\/v2\/users\/2"}],"replies":[{"embeddable":true,"href":"https:\/\/www.bolzanodanza.it\/de\/wp-json\/wp\/v2\/comments?post=1110"}],"version-history":[{"count":0,"href":"https:\/\/www.bolzanodanza.it\/de\/wp-json\/wp\/v2\/pages\/1110\/revisions"}],"up":[{"embeddable":true,"href":"https:\/\/www.bolzanodanza.it\/de\/wp-json\/wp\/v2\/pages\/1112"}],"wp:attachment":[{"href":"https:\/\/www.bolzanodanza.it\/de\/wp-json\/wp\/v2\/media?parent=1110"}],"curies":[{"name":"wp","href":"https:\/\/api.w.org\/{rel}","templated":true}]}}

<p><strong>Anouk Aspisi</strong> (Montpellier, 1968) ist eine Kulturmanagerin mit langjähriger Erfahrung in Frankreich und Italien – aber nicht nur. Sie hat einen Bachelor in Politikwissenschaften von der Universität Montpellier und einen Master in Kommunikation und Medien von der Audiencia Business School in Nantes. In ihrer fünfundzwanzigjährigen Laufbahn arbeitete sie abwechselnd für bekannte Arbeitgeber des öffentlichen und privaten Sektors. Das sogenannte Audience Development liegt ihr besonders am Herzen; aus diesem Grund sucht sie bei der Gestaltung ihrer künstlerischen Projekte vor allem den Dialog mit dem Publikum. Sie arbeitete beim Romaeuropa Festival für internationale Beziehungen (2000–2004), bei der François-Pinault-Stiftung in Venedig (2008–2010) und am Institut français Italia als Kulturreferentin (2012–2017). Hier konzipierte sie die multidisziplinäre Spielzeit <em>La Francia in Scena</em>. Außerdem arbeitete sie als Generalsekretärin bei der Stiftung Nuovi Mecenati (2013–2018) und beim Maison de la Danse in Lyon (2018–2022). Bei der Accademia di Santa Cecilia in Rom gab sie 2017 bis 2018 ein kurzes Intermezzo. Schließlich war sie von 2022 bis 2024 Beraterin der französischen Kulturministerin Rima Abdul Malak und dort zuständig für Live-Performances, Festivals, Musik und bildende Kunst.</p>
<p>Nach einer außergewöhnlichen internationalen Karriere als Tänzer widmet sich <strong>Olivier Dubois</strong> (Colmar, 1972) seit 2006 der Choreografie. Mit seinem Erstlingswerk <em>Pour tout l’or du monde</em> gewann er den Prix Jardin d’Europe, einen europäischen Preis für junge Choreograf:innen in Wien. Große Erfolge feierten auch seine Choreografien <em>Faune(s) </em>für das Festival von Avignon (2008), <em>Spectre</em> für Les Ballets de Monte-Carlo (2010) und <em>L’homme de l’Atlantique</em>, ein Pas de deux für die Biennale de la Danse in Lyon. Die Arbeiten an seiner Trilogie <em>Étude critique pour un trompe-l’œil</em> begann er 2009 mit dem Stück <em>Révolution</em>, gefolgt von dem Solo<em> Rouge</em> (2011) und <em>Tragédie</em> (2012). Für die Europäische Kulturhauptstadt Marseille inszenierte er 2013 <em>Élégie</em> für das Ballet National de Marseille und 2019 <em>Come out </em>für das Ballet de Lorraine. 2013 gewann er den italienischen Kritikerpreis Danza&amp;Danza; 2014 wurde er vom französischen Kulturministerium zum Direktor des Ballet du Nord-Centre Chorégraphique National de Roubaix ernannt. Ausgezeichnet wurde er außerdem mit dem Prix Fedora Van Cleef &amp; Arpels. 2019 wurde ihm der Titel Chevalier des Arts et des Lettres verliehen. Dubois war mehrfach Gast bei Bolzano Danza, für das er eigens Choreografien schuf wie etwa <em>Les Mémoires d’un seigneur</em> (2015), <em>Swan Blast</em> (2019), <em>For Gods Only/Sacre #3</em> (2024).</p>

<p>Anouk Aspisi (Montpellier, 1968) ist eine Kulturmanagerin mit langjähriger Erfahrung in Frankreich und Italien – aber nicht nur. Sie hat einen Bachelor in Politikwissenschaften von der Universität Montpellier und einen Master in Kommunikation und Medien von der Audiencia Business School in Nantes. In ihrer fünfundzwanzigjährigen Laufbahn arbeitete sie abwechselnd für bekannte Arbeitgeber des öffentlichen und privaten [&hellip;]</p>

<!-- This site is optimized with the Yoast SEO plugin v26.8 - https://yoast.com/product/yoast-seo-wordpress/ -->
<title>Das Festivalteam - Tanz Bozen</title>
<meta name="robots" content="index, follow, max-snippet:-1, max-image-preview:large, max-video-preview:-1" />
<meta property="og:locale" content="de_DE" />
<meta property="og:type" content="article" />
<meta property="og:title" content="Das Festivalteam - Tanz Bozen" />
<meta property="og:description" content="Anouk Aspisi (Montpellier, 1968) ist eine Kulturmanagerin mit langjähriger Erfahrung in Frankreich und Italien – aber nicht nur. Sie hat einen Bachelor in Politikwissenschaften von der Universität Montpellier und einen Master in Kommunikation und Medien von der Audiencia Business School in Nantes. In ihrer fünfundzwanzigjährigen Laufbahn arbeitete sie abwechselnd für bekannte Arbeitgeber des öffentlichen und privaten [&hellip;]" />
<meta property="og:url" content="https://www.bolzanodanza.it/de/programma/das-festivalteam" />
<meta property="og:site_name" content="Tanz Bozen" />
<meta property="article:modified_time" content="2025-05-13T20:59:07+00:00" />
<meta property="og:image" content="https://www.bolzanodanza.it/wp-content/uploads/2022/05/haydn-bolzano-danza-2022.jpg" />
	<meta property="og:image:width" content="2250" />
	<meta property="og:image:height" content="1260" />
	<meta property="og:image:type" content="image/jpeg" />
<meta name="twitter:card" content="summary_large_image" />
<meta name="twitter:label1" content="Geschätzte Lesezeit" />
	<meta name="twitter:data1" content="2 Minuten" />
<script type="application/ld+json" class="yoast-schema-graph">{"@context":"https://schema.org","@graph":[{"@type":"WebPage","@id":"https://www.bolzanodanza.it/de/programma/das-festivalteam","url":"https://www.bolzanodanza.it/de/programma/das-festivalteam","name":"Das Festivalteam - Tanz Bozen","isPartOf":{"@id":"https://www.bolzanodanza.it/de/#website"},"datePublished":"2022-03-30T12:11:57+00:00","dateModified":"2025-05-13T20:59:07+00:00","breadcrumb":{"@id":"https://www.bolzanodanza.it/de/programma/das-festivalteam#breadcrumb"},"inLanguage":"de-DE","potentialAction":[{"@type":"ReadAction","target":["https://www.bolzanodanza.it/de/programma/das-festivalteam"]}]},{"@type":"BreadcrumbList","@id":"https://www.bolzanodanza.it/de/programma/das-festivalteam#breadcrumb","itemListElement":[{"@type":"ListItem","position":1,"name":"Home","item":"https://www.bolzanodanza.it/de"},{"@type":"ListItem","position":2,"name":"Programm","item":"https://www.bolzanodanza.it/de/programma"},{"@type":"ListItem","position":3,"name":"Das Festivalteam"}]},{"@type":"WebSite","@id":"https://www.bolzanodanza.it/de/#website","url":"https://www.bolzanodanza.it/de/","name":"Tanz Bozen","description":"Stiftung Haydn ","potentialAction":[{"@type":"SearchAction","target":{"@type":"EntryPoint","urlTemplate":"https://www.bolzanodanza.it/de/?s={search_term_string}"},"query-input":{"@type":"PropertyValueSpecification","valueRequired":true,"valueName":"search_term_string"}}],"inLanguage":"de-DE"}]}</script>
<!-- / Yoast SEO plugin. -->

Anouk Aspisi (Montpellier, 1968) ist eine Kulturmanagerin mit langjähriger Erfahrung in Frankreich und Italien – aber nicht nur. Sie hat einen Bachelor in Politikwissenschaften von der Universität Montpellier und einen Master in Kommunikation und Medien von der Audiencia Business School in Nantes. In ihrer fünfundzwanzigjährigen Laufbahn arbeitete sie abwechselnd für bekannte Arbeitgeber des öffentlichen und privaten [&hellip;]
